
0
What is the hundred thousands digit of 4375301?
3
What is the millions digit of 10486575?
0
What is the hundreds digit of 1067595?
5
What is the hundreds digit of 28364?
3
What is the hundred thousands digit of 140478?
1
What is the thousands digit of 7774465?
4
What is the units digit of 5757788?
8
What is the thousands digit of 11599658?
9
What is the hundred thousands digit of 674925?
6
What is the units digit of 169892?
2
What is the hundred thousands digit of 2192405?
1
What is the thousands digit of 2314076?
4
What is the tens digit of 3885388?
8
What is the ten thousands digit of 15444966?
4
What is the thousands digit of 15973407?
3
What is the ten thousands digit of 293152?
9
What is the tens digit of 148720?
2
What is the units digit of 353909?
9
What is the units digit of 36101?
1
What is the units digit of 670907?
7
What is the tens digit of 18358477?
7
What is the hundred thousands digit of 130402?
1
What is the ten thousands digit of 2438478?
3
What is the millions digit of 6898311?
6
What is the hundreds digit of 671719?
7
What is the millions digit of 1539067?
1
What is the units digit of 3818005?
5
What is the millions digit of 1237112?
1
What is the thousands digit of 271949?
1
What is the hundreds digit of 85252?
2
What is the tens digit of 141811?
1
What is the thousands digit of 7953679?
3
What is the tens digit of 142688?
8
What is the tens digit of 1250558?
5
What is the ten thousands digit of 12616585?
1
What is the millions digit of 2805122?
2
What is the hundreds digit of 117108?
1
What is the millions digit of 16977812?
6
What is the hundreds digit of 3287376?
3
What is the tens digit of 738719?
1
What is the millions digit of 2608425?
2
What is the ten thousands digit of 501227?
0
What is the ten thousands digit of 13650?
1
What is the hundreds digit of 5740351?
3
What is the units digit of 6284161?
1
What is the ten thousands digit of 257927?
5
What is the millions digit of 11432946?
1
What is the ten thousands digit of 6099361?
9
What is the ten thousands digit of 631617?
3
What is the ten thousands digit of 644611?
4
What is the hundred thousands digit of 4920537?
9
What is the ten thousands digit of 527282?
2
What is the units digit of 9255478?
8
What is the ten thousands digit of 269327?
6
What is the ten millions digit of 18703237?
1
What is the tens digit of 21566?
6
What is the millions digit of 2705160?
2
What is the thousands digit of 3063085?
3
What is the tens digit of 385832?
3
What is the hundreds digit of 397968?
9
What is the ten thousands digit of 1085886?
8
What is the hundreds digit of 8016954?
9
What is the units digit of 5467328?
8
What is the thousands digit of 51888?
1
What is the tens digit of 3136633?
3
What is the tens digit of 197968?
6
What is the units digit of 3374137?
7
What is the hundreds digit of 11964303?
3
What is the tens digit of 1835962?
6
What is the units digit of 215885?
5
What is the hundreds digit of 725506?
5
What is the millions digit of 5296450?
5
What is the hundreds digit of 543366?
3
What is the tens digit of 26483342?
4
What is the ten thousands digit of 37812447?
1
What is the ten thousands digit of 906141?
0
What is the ten thousands digit of 472355?
7
What is the ten thousands digit of 18090268?
9
What is the hundred thousands digit of 31052570?
0
What is the ten thousands digit of 94629?
9
What is the thousands digit of 217137?
7
What is the hundred thousands digit of 9150728?
1
What is the hundreds digit of 4034505?
5
What is the units digit of 6966552?
2
What is the thousands digit of 459454?
9
What is the units digit of 93597?
7
What is the ten thousands digit of 182629?
8
What is the ten thousands digit of 8544605?
4
What is the ten thousands digit of 293737?
9
What is the ten thousands digit of 849064?
4
What is the units digit of 3184943?
3
What is the thousands digit of 2893286?
3
What is the tens digit of 815243?
4
What is the tens digit of 8305216?
1
What is the hundred thousands digit of 17991675?
9
What is the thousands digit of 5689970?
9
What is the ten thousands digit of 148706?
4
What is the ten thousands digit of 401235?
0
What is the hundred thousands digit of 313127?
3
What is the hundred thousands digit of 170388?
1
What is the thousands digit of 1204635?
4
What is the thousands digit of 6632481?
2
What is the ten thousands digit of 1960352?
6
What is the millions digit of 2501654?
2
What is the millions digit of 2919394?
2
What is the thousands digit of 65621?
5
What is the tens digit of 3555487?
8
What is the units digit of 31574217?
7
What is the thousands digit of 1535343?
5
What is the thousands digit of 350952?
0
What is the hundred thousands digit of 199534?
1
What is the ten thousands digit of 457588?
5
What is the hundreds digit of 7879396?
3
What is the tens digit of 13585157?
5
What is the ten thousands digit of 348214?
4
What is the ten thousands digit of 2462242?
6
What is the ten thousands digit of 8258531?
5
What is the tens digit of 845311?
1
What is the units digit of 1472049?
9
What is the tens digit of 2320718?
1
What is the tens digit of 754129?
2
What is the units digit of 8794903?
3
What is the units digit of 242016?
6
What is the millions digit of 14510787?
4
What is the millions digit of 18181895?
8
What is the units digit of 8409955?
5
What is the tens digit of 19780?
8
What is the hundreds digit of 133105?
1
What is the hundred thousands digit of 1661307?
6
What is the ten thousands digit of 740608?
4
What is the ten thousands digit of 275925?
7
What is the tens digit of 435229?
2
What is the hundred thousands digit of 1103161?
1
What is the hundred thousands digit of 754625?
7
What is the hundred thousands digit of 8122283?
1
What is the millions digit of 1864276?
1
What is the tens digit of 6445050?
5
What is the tens digit of 1862512?
1
What is the hundred thousands digit of 2173061?
1
What is the hundreds digit of 304815?
8
What is the units digit of 6642428?
8
What is the ten thousands digit of 4542273?
4
What is the ten thousands digit of 294527?
9
What is the ten thousands digit of 4256669?
5
What is the tens digit of 23415271?
7
What is the thousands digit of 576651?
6
What is the millions digit of 21765204?
1
What is the ten thousands digit of 3599702?
9
What is the hundreds digit of 718820?
8
What is the thousands digit of 549353?
9
What is the hundreds digit of 8402769?
7
What is the hundreds digit of 319479?
4
What is the hundred thousands digit of 101379?
1
What is the thousands digit of 2813279?
3
What is the ten thousands digit of 10470581?
7
What is the units digit of 6630902?
2
What is the hundreds digit of 209213?
2
What is the units digit of 4568791?
1
What is the ten thousands digit of 454317?
5
What is the millions digit of 4426552?
4
What is the tens digit of 8351585?
8
What is the ten thousands digit of 4597374?
9
What is the millions digit of 12002513?
2
What is the hundreds digit of 592150?
1
What is the millions digit of 2193616?
2
What is the ten thousands digit of 3073131?
7
What is the units digit of 126862?
2
What is the millions digit of 8152850?
8
What is the hundred thousands digit of 2978036?
9
What is the millions digit of 5713144?
5
What is the tens digit of 125638?
3
What is the units digit of 1120050?
0
What is the hundreds digit of 6224208?
2
What is the hundred thousands digit of 3171284?
1
What is the ten thousands digit of 6101299?
0
What is the hundred thousands digit of 4354326?
3
What is the millions digit of 15009983?
5
What is the tens digit of 22751317?
1
What is the tens digit of 16774041?
4
What is the hundreds digit of 60804?
8
What is the ten thousands digit of 3379657?
7
What is the tens digit of 350855?
5
What is the units digit of 15349333?
3
What is the millions digit of 4088327?
4
What is the hundreds digit of 17782990?
9
What is the units digit of 529816?
6
What is the units digit of 445364?
4
What is the hundreds digit of 252955?
9
What is the tens digit of 194320?
2
What is the hundreds digit of 12436285?
2
What is the thousands digit of 2400?
2
What is the units digit of 478121?
1
What is the hundreds digit of 286909?
9
What is the thousands digit of 1030913?
0
What is the millions digit of 1902957?
1
What is the hundred thousands digit of 10542979?
